15 = 3*l, -5*i + 2 = -3*l + o. What is the units digit of l?
5
Suppose -3*o - o = -856. Suppose 0*i + i + o = 5*c, 0 = -2*c + 2*i + 92. Suppose -9 - 10 = -2*j + 5*l, 0 = -3*j + 3*l + c. What is the tens digit of j?
1
Suppose 0*y + 3*y = 249. What is the tens digit of y?
8
Let a = 1 + 3. What is the units digit of (-9)/(-2) - 2/a?
4
Let m = -27 + 10. Let r = m + 36. What is the units digit of r?
9
Suppose 5*d = 3*d - 5*a + 58, -2*d + 2*a = -58. What is the tens digit of d?
2
Suppose -230 = -2*c - 2*c + 3*t, -t = 2*c - 120. What is the units digit of c?
9
Let r = -1 + -4. What is the units digit of (6/r)/(6/(-15))?
3
Suppose -2*g + 14 = s, s + 3*s - 4*g = 104. Suppose 3*p = p + s. What is the units digit of p?
1
Suppose 5*o - 3*o - 12 = 0. Suppose -2*k = c + 3, k + 15 = c + o. What is the units digit of c?
5
Suppose 15 + 1 = -4*v. Let q = -3 - v. What is the units digit of q/(-4) + (-9)/(-4)?
2
Let b(n) be the third derivative of 1/8*n**4 + 1/20*n**5 + 0*n + 3*n**2 + 0 + 1/2*n**3. What is the units digit of b(-2)?
9
Let m be (15/(-4))/(-5)*-4. Let w(o) be the third derivative of o**6/120 + o**5/30 - o**4/8 + o**3/2 - 2*o**2. What is the units digit of w(m)?
3
Let k = 0 - -2. Let v(z) = -4*z - k + 2*z + 3. What is the units digit of v(-3)?
7
Let i(z) = z**3 - 11*z**2 + 3*z - 6. What is the tens digit of i(11)?
2
Let i(j) = -j**3 - j**2 + 2*j - 1. Let q be i(-3). Let w = -25 + q. What is the units digit of (5 - 2)*w/(-6)?
7
Let f be 4 - 3/(-6)*4. Suppose 35 = f*c - c. What is the units digit of c?
7
Suppose 0 = 3*s + 2*s + 25, -2*t + 4*s + 100 = 0. What is the tens digit of t?
4
Let u(h) = h**3 - 7*h**2 + 6*h - 1. Let g be u(6). Let l = g + 3. Suppose -l*p + 12 = -0*p. What is the units digit of p?
6
Suppose 19*y - 735 = -2*y. What is the units digit of y?
5
What is the units digit of (-1*(-2)/(-5))/(1/(-70))?
8
Let y(v) = -6*v - 3. Let p be (18/(-6))/(2 + -1). What is the units digit of y(p)?
5
Suppose 25 = -x + 5*t, 1 + 19 = -5*x + 4*t. Suppose x = s + s - 6. What is the units digit of s?
3
Suppose -4*z + 118 = 2*d, -52 = -d - 5*z - 5. What is the units digit of d?
7
Suppose r = 5*r. Suppose r*m = 2*m - 62. What is the units digit of m?
1
Suppose 5*p + 4*b = 6*b + 20, p - 3*b + 9 = 0. What is the units digit of p?
6
What is the tens digit of (-18)/30 + (-324)/(-15)?
2
Suppose -2*h - 464 = 2*h. Let a = -17 - -31. What is the units digit of (-4)/14 - h/a?
8
Suppose 4*g - 17 = -3*j + 2*g, -5*j = -2*g - 23. Suppose 2*h + 8 - 54 = -5*q, j*q - h = 37. Suppose q*r = 4*r + 24. What is the units digit of r?
6
Suppose -r = 8*r - 729. What is the units digit of r?
1
Let y(o) = 7*o - 3. Let s = 10 - 7. Suppose -p - s = -5. What is the units digit of y(p)?
1
Suppose 0 = 4*h - 3*h - 4*g - 195, -5*g = 20. What is the units digit of h?
9
Let j(p) = -p - 14. Let x be j(-10). What is the units digit of (-64)/(-6) + x/6?
0
Let h = 7 - 4. Let l(n) = n**2 + 3*n - 2. What is the units digit of l(h)?
6
Suppose 13*z = 16*z - 129. What is the units digit of z?
3
Suppose l - 67 = 66. What is the units digit of l?
3
Let a(y) = 2*y**2 + y - 26. What is the units digit of a(-5)?
9
Let t = 10 - 6. Suppose 6 = 2*b - 6. Suppose -f + 15 = 4*d + 2*f, -t*f - b = d. What is the units digit of d?
6
Let g(n) = 26*n + 44. What is the tens digit of g(9)?
7
What is the units digit of -6*(-1 - (-45)/(-5))?
0
Suppose -p + 2*p = u - 12, -13 = -4*u - 3*p. Let x(r) = -r**3 + 6*r**2 + 7*r + 2. What is the units digit of x(u)?
2
Suppose q + m - 44 = -2*q, 5*q - 79 = 4*m. Suppose 2*o + 5*c - q = 0, 3*o + 3*c = -c + 40. What is the tens digit of o?
2
Suppose 0*o + 2*o - 65 = 5*l, 2*o + l - 35 = 0. What is the units digit of o?
0
Suppose 0 = 3*m + 2*m - 3*q - 158, -64 = -2*m + q. What is the units digit of m?
4
Let j = -1 - 5. Let l(k) = k + 13. What is the units digit of l(j)?
7
Let p(q) = -q + 4. Let u be p(0). What is the tens digit of -1 + u + (-30)/(-2)?
1
Suppose 0 = -v + 2*w + 6, 3*v - 3*w - 32 = -4*w. What is the units digit of v?
0
Let l = 20 + 112. What is the tens digit of l?
3
Suppose -5*l + 45 = 4*g, 3*l + 4*g - 27 = 5*g. Suppose -4*w + l*w = 40. Suppose -r = r - w. What is the units digit of r?
4
Let x(d) = -11*d - 1. Let q be x(2). Let m = 35 + q. Let a = -5 + m. What is the units digit of a?
7
Suppose 0 = 2*w + 6, 6*k + 2*w = k + 4. Suppose -2*a = -5*u + 639, u - 228 = k*a + 431. What is the units digit of 2/(-9) - a/36?
9
Let d(b) = 3*b**2 + b. Let x be d(-2). Suppose -2*g - x = 0, 2*g + 33 + 17 = 2*f. Suppose -3*s + f = -1. What is the units digit of s?
7
What is the units digit of 0 + 11/(44/24)?
6
Let h(l) = -4*l - 10. Suppose -3*o = x + x + 17, o + 5*x = -10. What is the units digit of h(o)?
0
Suppose -2*s - 18 + 80 = 0. What is the units digit of s?
1
Let s(m) = -39*m - 3. Let p = 1 + 6. Let o be s(p). What is the tens digit of o/(-16) + (-1)/4?
1
Suppose m - 5 = -3. Let l = 0 + m. What is the units digit of l?
2
Let u be -1 + 5 + (-6)/6. What is the units digit of (0 + u/9)*27?
9
Let w = -132 - -166. What is the units digit of w?
4
Suppose 2*y = -4*p + 4, 3*y = 4 + 2. Let w = 8 - p. What is the units digit of w?
8
Let s(k) = 8*k - 2. Let g(v) = -v. Let x(l) = 21*g(l) + 3*s(l). Let h = 20 + -15. What is the units digit of x(h)?
9
What is the tens digit of (-4 - -3)*3 - -14?
1
Suppose -4*a - 2*a + 228 = 0. What is the tens digit of a?
3
Let m(g) = g**2 - 5*g + 6. Let i be m(4). Suppose -i*l = 5*b - 24, 5*b - b = -2*l + 20. What is the units digit of b?
4
Suppose -93 - 51 = -3*r + 2*j, -j = 5*r - 227. Suppose -k = 2*t - 96, 0 = -2*t + 3*t + k - r. What is the units digit of t?
0
Let l(j) = -j**3 + 9*j**2 - 8*j - 6. What is the units digit of l(6)?
4
Let o = -259 - -364. What is the units digit of o?
5
Suppose 0*u - 56 = -4*u. What is the units digit of u?
4
Let s(q) = -2*q**3 - q**2 - 4. Suppose -4*b + b = 9. What is the units digit of s(b)?
1
Let p be (1 - -1)*2/(-2). What is the tens digit of (9/((-18)/116))/p?
2
Let c(t) = -t - 5. Let h be c(-12). Suppose -g = -f - h + 21, -42 = -3*f + 2*g. What is the tens digit of f?
1
Suppose -2*p + 5*c = -135, 5*p = 8*c - 11*c + 291. What is the tens digit of p?
6
Let f(o) be the second derivative of o**5/20 + 3*o**4/4 - 2*o**3 - 7*o**2 - 3*o. What is the units digit of f(-10)?
6
Suppose -5*s - 4*h = 6, 5*s = h - 3*h + 2. Suppose 4*d = s*d + 20. What is the tens digit of d?
1
Let o(k) = -k**3 + 4*k**2 + 5*k + 4. Let i be o(5). Let r = 11 - i. What is the units digit of r?
7
Let c(b) = 2*b**3 - 8*b**2 + 9*b - 12. What is the tens digit of c(5)?
8
Let r(x) = 28*x**2 - x + 1. Let h be r(1). Suppose 12 = 5*u - h. What is the units digit of u?
8
Let g(a) = a**3 + 3*a**2 - 5*a - 4. Let o be g(-3). Suppose 3*t - 11 = -i + o, -5*i + t + 30 = 0. What is the units digit of i?
7
Suppose -37*z + 40*z = 141. What is the tens digit of z?
4
Suppose f = -3*f. Suppose -x + f*x = -9. What is the units digit of x?
9
Let l(a) = 196*a**3 + 3*a**2 - 3*a + 1. What is the tens digit of l(1)?
9
Let k(p) = -p**3 + 10*p**2 + 10*p + 13. Let a be k(11). Suppose 12 + 0 = a*u. What is the units digit of u?
6
Suppose 4*l + 4 = 20. What is the units digit of l?
4
Suppose -3*r - 2*s + 50 = 0, 4*r - 3*s - 13 = 48. Suppose r - 7 = 3*x. What is the units digit of x?
3
Let g(l) = -l**2 - 7*l - 7. What is the units digit of g(-5)?
3
Let i = -4 + 7. Suppose -5*x = i*f - 84, -2*f + x + 49 = 2*x. What is the tens digit of f?
2
Let o = 94 - 11. What is the units digit of o?
3
Let d(a) = -32*a**2 + 6*a + 5. Let i(w) = -w - 1. Let k(q) = -d(q) - 4*i(q). What is the tens digit of k(-1)?
3
Let y = -5 + 8. Suppose 2*k - y*k = 0. Let j = 7 - k. What is the units digit of j?
7
Suppose 0 = -5*i + 386 + 219. What is the hundreds digit of i?
1
Let k(d) be the third derivative of -d**5/30 + d**4/4 - 2*d**3/3 - 2*d**2. Let x be k(4). Let q = x - -17. What is the units digit of q?
5
Let o(t) = -t**2 - 3*t + 4. Let w be o(-7). Let g be (-10)/6 - (-8)/w. Let q = g + 4. What is the units digit of q?
2
Let x be (-4)/(-2)*(-6)/(-2). Suppose -4*y = -6*y + x. What is the units digit of y?
3
Let a(c) = -6*c + 11. Let l(f) = 3*f - 5. Let j(p) = 3*a(p) + 5*l(p). What is the units digit of j(-9)?
5
Suppose 73 = -30*f + 11143. What is the hundreds digit of f?
3
Suppose 8*x - 7*x = 8. Suppose 2*g -